{"id":91,"date":"2011-11-04T13:57:31","date_gmt":"2011-11-04T13:57:31","guid":{"rendered":"http:\/\/www.moulinahuilecoudoux.com\/site\/?page_id=91"},"modified":"2020-02-11T20:13:08","modified_gmt":"2020-02-11T20:13:08","slug":"fabrication-a-lancienne","status":"publish","type":"page","link":"http:\/\/www.moulinahuilecoudoux.com\/site\/nos-huiles-dolive\/fabrication-a-lancienne","title":{"rendered":"Fabrication \u00e0 l&rsquo;ancienne"},"content":{"rendered":"<p>[et_pb_section fb_built=\u00a0\u00bb1&Prime; custom_padding_last_edited=\u00a0\u00bboff|desktop\u00a0\u00bb admin_label=\u00a0\u00bbHeader Section\u00a0\u00bb _builder_version=\u00a0\u00bb4.0.9&Prime; use_background_color_gradient=\u00a0\u00bbon\u00a0\u00bb background_color_gradient_start=\u00a0\u00bb#ffffff\u00a0\u00bb background_color_gradient_end=\u00a0\u00bbrgba(255,255,255,0)\u00a0\u00bb background_color_gradient_start_position=\u00a0\u00bb40%\u00a0\u00bb background_color_gradient_overlays_image=\u00a0\u00bbon\u00a0\u00bb background_image=\u00a0\u00bbhttp:\/\/www.moulinahuilecoudoux.com\/site\/wp-content\/uploads\/2020\/01\/moulin-de-coudoux-poeme-de-lolive.png\u00a0\u00bb custom_padding=\u00a0\u00bb2.7%|0px|24.7%|0px||\u00a0\u00bb custom_padding_tablet=\u00a0\u00bb320px|0px|0px|0px\u00a0\u00bb][et_pb_row admin_label=\u00a0\u00bbHeader Row\u00a0\u00bb _builder_version=\u00a0\u00bb3.25&Prime;][et_pb_column type=\u00a0\u00bb4_4&Prime; _builder_version=\u00a0\u00bb3.25&Prime; custom_padding=\u00a0\u00bb|||\u00a0\u00bb custom_padding__hover=\u00a0\u00bb|||\u00a0\u00bb][et_pb_text _builder_version=\u00a0\u00bb4.0.9&Prime; text_font=\u00a0\u00bbOpen Sans|600|||||||\u00a0\u00bb text_font_size=\u00a0\u00bb11px\u00a0\u00bb text_line_height=\u00a0\u00bb1.8em\u00a0\u00bb header_font=\u00a0\u00bbOswald|||on|||||\u00a0\u00bb header_font_size=\u00a0\u00bb52px\u00a0\u00bb header_letter_spacing=\u00a0\u00bb5px\u00a0\u00bb header_line_height=\u00a0\u00bb1.4em\u00a0\u00bb text_orientation=\u00a0\u00bbcenter\u00a0\u00bb max_width=\u00a0\u00bb700px\u00a0\u00bb module_alignment=\u00a0\u00bbcenter\u00a0\u00bb custom_margin=\u00a0\u00bb|182px|-50px|||\u00a0\u00bb custom_padding=\u00a0\u00bb66px|||0px||\u00a0\u00bb animation_style=\u00a0\u00bbfade\u00a0\u00bb animation_duration=\u00a0\u00bb600ms\u00a0\u00bb]<\/p>\n<h1>FABRICATION A L&rsquo;ANCIENNE<\/h1>\n<p>[\/et_pb_text][\/et_pb_column][\/et_pb_row][\/et_pb_section][et_pb_section fb_built=\u00a0\u00bb1&Prime; _builder_version=\u00a0\u00bb4.0.9&Prime;][et_pb_row column_structure=\u00a0\u00bb1_5,3_5,1_5&Prime; _builder_version=\u00a0\u00bb4.0.9&Prime; background_color=\u00a0\u00bb#00722d\u00a0\u00bb custom_margin=\u00a0\u00bb-181px|auto||auto||\u00a0\u00bb custom_padding=\u00a0\u00bb27px||54px|||\u00a0\u00bb][et_pb_column type=\u00a0\u00bb1_5&Prime; _builder_version=\u00a0\u00bb4.0.9&Prime;][\/et_pb_column][et_pb_column type=\u00a0\u00bb3_5&Prime; _builder_version=\u00a0\u00bb4.0.9&Prime;][et_pb_text _builder_version=\u00a0\u00bb4.0.9&Prime; text_text_color=\u00a0\u00bb#ffffff\u00a0\u00bb text_font_size=\u00a0\u00bb21px\u00a0\u00bb text_letter_spacing=\u00a0\u00bb2px\u00a0\u00bb text_line_height=\u00a0\u00bb1.8em\u00a0\u00bb custom_padding=\u00a0\u00bb||0px|||\u00a0\u00bb hover_enabled=\u00a0\u00bb0&Prime; custom_padding_last_edited=\u00a0\u00bbon|phone\u00a0\u00bb custom_padding_phone=\u00a0\u00bb|5px|0px|15px|false|false\u00a0\u00bb]<\/p>\n<p>Notre huile est toujours fabriqu\u00e9e selon la m\u00e9thode traditionnelle avec surmaturation des olives, broyage par deux meules en granit, pressage de la p\u00e2te obtenue entre des \u201cscourtins\u201d sur des presses hydrauliques.<\/p>\n<p>La s\u00e9paration de l\u2019huile est obtenue par le ramassage manuel dit \u201c\u00e0 la feuille\u201d.<\/p>\n<p>Notre huile n\u2019est ni filtr\u00e9e, ni centrifug\u00e9e, pr\u00e9servant ainsi ses propri\u00e9t\u00e9s gustatives<\/p>\n<p>[\/et_pb_text][\/et_pb_column][et_pb_column type=\u00a0\u00bb1_5&Prime; _builder_version=\u00a0\u00bb4.0.9&Prime;][\/et_pb_column][\/et_pb_row][\/et_pb_section][et_pb_section fb_built=\u00a0\u00bb1&Prime; _builder_version=\u00a0\u00bb4.0.9&Prime; background_color=\u00a0\u00bb#c7c500&Prime;][et_pb_row _builder_version=\u00a0\u00bb4.0.9&Prime;][et_pb_column type=\u00a0\u00bb4_4&Prime; _builder_version=\u00a0\u00bb4.0.9&Prime;][et_pb_image src=\u00a0\u00bbhttp:\/\/www.moulinahuilecoudoux.com\/site\/wp-content\/uploads\/2011\/11\/etapes1.png\u00a0\u00bb align=\u00a0\u00bbcenter\u00a0\u00bb _builder_version=\u00a0\u00bb4.0.9&Prime; custom_padding=\u00a0\u00bb||0px|||\u00a0\u00bb][\/et_pb_image][\/et_pb_column][\/et_pb_row][\/et_pb_section]<\/p>\n","protected":false},"excerpt":{"rendered":"<p>[et_pb_section fb_built=\u00a0\u00bb1&Prime; custom_padding_last_edited=\u00a0\u00bboff|desktop\u00a0\u00bb admin_label=\u00a0\u00bbHeader Section\u00a0\u00bb _builder_version=\u00a0\u00bb4.0.9&Prime; use_background_color_gradient=\u00a0\u00bbon\u00a0\u00bb background_color_gradient_start=\u00a0\u00bb#ffffff\u00a0\u00bb background_color_gradient_end=\u00a0\u00bbrgba(255,255,255,0)\u00a0\u00bb background_color_gradient_start_position=\u00a0\u00bb40%\u00a0\u00bb background_color_gradient_overlays_image=\u00a0\u00bbon\u00a0\u00bb background_image=\u00a0\u00bbhttp:\/\/www.moulinahuilecoudoux.com\/site\/wp-content\/uploads\/2020\/01\/moulin-de-coudoux-poeme-de-lolive.png\u00a0\u00bb custom_padding=\u00a0\u00bb2.7%|0px|24.7%|0px||\u00a0\u00bb custom_padding_tablet=\u00a0\u00bb320px|0px|0px|0px\u00a0\u00bb][et_pb_row admin_label=\u00a0\u00bbHeader Row\u00a0\u00bb _builder_version=\u00a0\u00bb3.25&Prime;][et_pb_column type=\u00a0\u00bb4_4&Prime; _builder_version=\u00a0\u00bb3.25&Prime; custom_padding=\u00a0\u00bb|||\u00a0\u00bb custom_padding__hover=\u00a0\u00bb|||\u00a0\u00bb][et_pb_text _builder_version=\u00a0\u00bb4.0.9&Prime; text_font=\u00a0\u00bbOpen Sans|600|||||||\u00a0\u00bb text_font_size=\u00a0\u00bb11px\u00a0\u00bb text_line_height=\u00a0\u00bb1.8em\u00a0\u00bb header_font=\u00a0\u00bbOswald|||on|||||\u00a0\u00bb header_font_size=\u00a0\u00bb52px\u00a0\u00bb header_letter_spacing=\u00a0\u00bb5px\u00a0\u00bb header_line_height=\u00a0\u00bb1.4em\u00a0\u00bb text_orientation=\u00a0\u00bbcenter\u00a0\u00bb max_width=\u00a0\u00bb700px\u00a0\u00bb module_alignment=\u00a0\u00bbcenter\u00a0\u00bb custom_margin=\u00a0\u00bb|182px|-50px|||\u00a0\u00bb custom_padding=\u00a0\u00bb66px|||0px||\u00a0\u00bb animation_style=\u00a0\u00bbfade\u00a0\u00bb animation_duration=\u00a0\u00bb600ms\u00a0\u00bb] FABRICATION A L&rsquo;ANCIENNE [\/et_pb_text][\/et_pb_column][\/et_pb_row][\/et_pb_section][et_pb_section fb_built=\u00a0\u00bb1&Prime; _builder_version=\u00a0\u00bb4.0.9&Prime;][et_pb_row column_structure=\u00a0\u00bb1_5,3_5,1_5&Prime; _builder_version=\u00a0\u00bb4.0.9&Prime; background_color=\u00a0\u00bb#00722d\u00a0\u00bb custom_margin=\u00a0\u00bb-181px|auto||auto||\u00a0\u00bb custom_padding=\u00a0\u00bb27px||54px|||\u00a0\u00bb][et_pb_column type=\u00a0\u00bb1_5&Prime; _builder_version=\u00a0\u00bb4.0.9&Prime;][\/et_pb_column][et_pb_column type=\u00a0\u00bb3_5&Prime; _builder_version=\u00a0\u00bb4.0.9&Prime;][et_pb_text _builder_version=\u00a0\u00bb4.0.9&Prime; text_text_color=\u00a0\u00bb#ffffff\u00a0\u00bb text_font_size=\u00a0\u00bb21px\u00a0\u00bb [&hellip;]<\/p>\n","protected":false},"author":2,"featured_media":0,"parent":8,"menu_order":2,"comment_status":"open","ping_status":"open","template":"","meta":{"_et_pb_use_builder":"on","_et_pb_old_content":"<h2><span class=\"Apple-style-span\" style=\"color: #00722d; font-weight: bold;\"><strong>Fabrication \u00e0 l'ancienne :\r\n<\/strong><\/span><span class=\"Apple-style-span\" style=\"color: #00722d; font-weight: bold;\"><strong>naissance d'une huile naturelle ni centrifug\u00e9e ni filtr\u00e9e<\/strong>.<\/span><\/h2>\r\nNotre huile est toujours fabriqu\u00e9e selon la <span style=\"color: #004520; font-size: 10pt;\"><strong>m\u00e9thode traditionnelle<\/strong><\/span> avec surmaturation des olives, broyage par deux meules en granit, pressage de la p\u00e2te obtenue entre des \u201cscourtins\u201d sur des presses hydrauliques. La s\u00e9paration de l\u2019huile est obtenue par le <span style=\"color: #004520; font-size: 10pt;\"><strong>ramassage manuel<\/strong><\/span> dit \u201c\u00e0 la feuille\u201d. Notre huile n\u2019est ni filtr\u00e9e, ni centrifug\u00e9e, pr\u00e9servant ainsi ses <span style=\"color: #004520; font-size: 10pt;\"><strong>propri\u00e9t\u00e9s gustatives<\/strong><\/span>\r\n<h1><span style=\"font-size: x-small;\"><span class=\"Apple-style-span\" style=\"font-weight: normal;\"><a href=\"http:\/\/www.moulinahuilecoudoux.com\/site\/wp-content\/uploads\/2011\/11\/etapes3.png\"><img class=\"alignnone size-full wp-image-328\" title=\"etapes\" src=\"http:\/\/www.moulinahuilecoudoux.com\/site\/wp-content\/uploads\/2011\/11\/etapes3.png\" alt=\"\" width=\"530\" height=\"304\" \/><\/a>\r\n<\/span><\/span><\/h1>\r\nPour fabriquer une v\u00e9ritable huile d\u2019olive, il faut le temps et<span style=\"color: #004520; font-size: 10pt;\"><strong> le savoir-faire que nos anc\u00eatres nous ont transmis<\/strong><\/span> au fil des si\u00e8cles."},"_links":{"self":[{"href":"http:\/\/www.moulinahuilecoudoux.com\/site\/wp-json\/wp\/v2\/pages\/91"}],"collection":[{"href":"http:\/\/www.moulinahuilecoudoux.com\/site\/wp-json\/wp\/v2\/pages"}],"about":[{"href":"http:\/\/www.moulinahuilecoudoux.com\/site\/wp-json\/wp\/v2\/types\/page"}],"author":[{"embeddable":true,"href":"http:\/\/www.moulinahuilecoudoux.com\/site\/wp-json\/wp\/v2\/users\/2"}],"replies":[{"embeddable":true,"href":"http:\/\/www.moulinahuilecoudoux.com\/site\/wp-json\/wp\/v2\/comments?post=91"}],"version-history":[{"count":38,"href":"http:\/\/www.moulinahuilecoudoux.com\/site\/wp-json\/wp\/v2\/pages\/91\/revisions"}],"predecessor-version":[{"id":1098,"href":"http:\/\/www.moulinahuilecoudoux.com\/site\/wp-json\/wp\/v2\/pages\/91\/revisions\/1098"}],"up":[{"embeddable":true,"href":"http:\/\/www.moulinahuilecoudoux.com\/site\/wp-json\/wp\/v2\/pages\/8"}],"wp:attachment":[{"href":"http:\/\/www.moulinahuilecoudoux.com\/site\/wp-json\/wp\/v2\/media?parent=91"}],"curies":[{"name":"wp","href":"https:\/\/api.w.org\/{rel}","templated":true}]}}