{"id":49,"date":"2011-11-01T16:05:31","date_gmt":"2011-11-01T16:05:31","guid":{"rendered":"http:\/\/www.moulinahuilecoudoux.com\/site\/?page_id=49"},"modified":"2020-02-11T20:04:36","modified_gmt":"2020-02-11T20:04:36","slug":"notre-savoir-faire","status":"publish","type":"page","link":"http:\/\/www.moulinahuilecoudoux.com\/site\/notre-savoir-faire","title":{"rendered":"Notre savoir faire"},"content":{"rendered":"<p>[et_pb_section fb_built=\u00a0\u00bb1&Prime; custom_padding_last_edited=\u00a0\u00bboff|desktop\u00a0\u00bb admin_label=\u00a0\u00bbHeader Section\u00a0\u00bb _builder_version=\u00a0\u00bb4.0.9&Prime; use_background_color_gradient=\u00a0\u00bbon\u00a0\u00bb background_color_gradient_start=\u00a0\u00bb#ffffff\u00a0\u00bb background_color_gradient_end=\u00a0\u00bbrgba(255,255,255,0)\u00a0\u00bb background_color_gradient_start_position=\u00a0\u00bb40%\u00a0\u00bb background_color_gradient_overlays_image=\u00a0\u00bbon\u00a0\u00bb background_image=\u00a0\u00bbhttp:\/\/www.moulinahuilecoudoux.com\/site\/wp-content\/uploads\/2020\/01\/moulin-de-coudoux-poeme-de-lolive.png\u00a0\u00bb min_height=\u00a0\u00bb559px\u00a0\u00bb custom_padding=\u00a0\u00bb2.7%|0px|35.6%|0px||\u00a0\u00bb custom_padding_tablet=\u00a0\u00bb320px|0px|0px|0px\u00a0\u00bb][et_pb_row admin_label=\u00a0\u00bbHeader Row\u00a0\u00bb _builder_version=\u00a0\u00bb3.25&Prime; custom_padding=\u00a0\u00bb||0px|||\u00a0\u00bb][et_pb_column type=\u00a0\u00bb4_4&Prime; _builder_version=\u00a0\u00bb3.25&Prime; custom_padding=\u00a0\u00bb|||\u00a0\u00bb custom_padding__hover=\u00a0\u00bb|||\u00a0\u00bb][et_pb_text _builder_version=\u00a0\u00bb4.0.9&Prime; text_font=\u00a0\u00bbOpen Sans|600|||||||\u00a0\u00bb text_font_size=\u00a0\u00bb16px\u00a0\u00bb text_line_height=\u00a0\u00bb1.8em\u00a0\u00bb header_font=\u00a0\u00bbOswald|||on|||||\u00a0\u00bb header_font_size=\u00a0\u00bb60px\u00a0\u00bb header_letter_spacing=\u00a0\u00bb5px\u00a0\u00bb header_line_height=\u00a0\u00bb1.4em\u00a0\u00bb text_orientation=\u00a0\u00bbcenter\u00a0\u00bb max_width=\u00a0\u00bb700px\u00a0\u00bb module_alignment=\u00a0\u00bbcenter\u00a0\u00bb custom_margin=\u00a0\u00bb||-188px|||\u00a0\u00bb custom_padding=\u00a0\u00bb102px||0px|||\u00a0\u00bb animation_style=\u00a0\u00bbfade\u00a0\u00bb]<\/p>\n<h1>Notre savoir faire<\/h1>\n<p>[\/et_pb_text][\/et_pb_column][\/et_pb_row][\/et_pb_section][et_pb_section fb_built=\u00a0\u00bb1&Prime; admin_label=\u00a0\u00bbMarket Information Section\u00a0\u00bb _builder_version=\u00a0\u00bb4.0.9&Prime; background_color=\u00a0\u00bb#c7c500&Prime; custom_margin=\u00a0\u00bb-147px|||||\u00a0\u00bb custom_padding=\u00a0\u00bb74px||70px|||\u00a0\u00bb][et_pb_row column_structure=\u00a0\u00bb1_5,3_5,1_5&Prime; admin_label=\u00a0\u00bbMarket Information Title Area\u00a0\u00bb _builder_version=\u00a0\u00bb4.0.9&Prime; background_color=\u00a0\u00bbrgba(255,255,255,0.74)\u00a0\u00bb custom_padding=\u00a0\u00bb|||\u00a0\u00bb][et_pb_column type=\u00a0\u00bb1_5&Prime; _builder_version=\u00a0\u00bb3.25&Prime; custom_padding=\u00a0\u00bb|||\u00a0\u00bb custom_padding__hover=\u00a0\u00bb|||\u00a0\u00bb][\/et_pb_column][et_pb_column type=\u00a0\u00bb3_5&Prime; _builder_version=\u00a0\u00bb3.25&Prime; custom_padding=\u00a0\u00bb|||\u00a0\u00bb custom_padding__hover=\u00a0\u00bb|||\u00a0\u00bb][et_pb_text _builder_version=\u00a0\u00bb4.0.9&Prime; header_text_color=\u00a0\u00bb#474747&Prime; header_font_size=\u00a0\u00bb32px\u00a0\u00bb hover_enabled=\u00a0\u00bb0&Prime; custom_padding=\u00a0\u00bb|||15px|false|false\u00a0\u00bb]<\/p>\n<h1><strong>L\u2019art ancestral des Ma\u00eetres de l\u2019Huile<\/strong><\/h1>\n<p>[\/et_pb_text][et_pb_text _builder_version=\u00a0\u00bb4.0.9&Prime; text_font=\u00a0\u00bb||||||||\u00a0\u00bb text_font_size=\u00a0\u00bb16px\u00a0\u00bb text_line_height=\u00a0\u00bb1.8em\u00a0\u00bb header_font=\u00a0\u00bb||||||||\u00a0\u00bb animation_style=\u00a0\u00bbflip\u00a0\u00bb animation_direction=\u00a0\u00bbleft\u00a0\u00bb animation_intensity_flip=\u00a0\u00bb20%\u00a0\u00bb animation_starting_opacity=\u00a0\u00bb100%\u00a0\u00bb hover_enabled=\u00a0\u00bb0&Prime; locked=\u00a0\u00bboff\u00a0\u00bb custom_margin_last_edited=\u00a0\u00bbon|phone\u00a0\u00bb custom_padding=\u00a0\u00bb|15px||15px|false|false\u00a0\u00bb]<\/p>\n<p><span>A mi-chemin entre Aix-en-Provence et Salon-de-Provence, le Moulin de Coudoux est le<strong>\u00a0<\/strong><\/span><strong>dernier moulin enti\u00e8rement traditionnel des Bouches-du-Rh\u00f4ne<\/strong><span>, et l\u2019un des derniers en France. Depuis plus de cent ans, alors qu\u2019une dizaine de moulins ont ferm\u00e9 \u00e0 Ventabren et dans les hameaux de Coudoux, <strong>le\u00a0<\/strong><\/span><strong>savoir-faire<\/strong><span><strong>\u00a0<\/strong>des premiers Ma\u00eetres de l\u2019Huile se perp\u00e9tue en ses murs. Ils ont transmis\u00a0<\/span><strong>les gestes<\/strong><span>\u00a0pr\u00e9cis qui permettent de cr\u00e9er\u00a0<\/span><strong>cette huile typique de tr\u00e8s grande qualit\u00e9<\/strong><span>, au go\u00fbt exceptionnel renouvel\u00e9 chaque ann\u00e9e.<\/span><\/p>\n<p>[\/et_pb_text][\/et_pb_column][et_pb_column type=\u00a0\u00bb1_5&Prime; _builder_version=\u00a0\u00bb3.25&Prime; custom_padding=\u00a0\u00bb|||\u00a0\u00bb custom_padding__hover=\u00a0\u00bb|||\u00a0\u00bb][\/et_pb_column][\/et_pb_row][\/et_pb_section][et_pb_section fb_built=\u00a0\u00bb1&Prime; _builder_version=\u00a0\u00bb4.0.9&Prime;][et_pb_row _builder_version=\u00a0\u00bb4.0.9&Prime; module_alignment=\u00a0\u00bbcenter\u00a0\u00bb animation_style=\u00a0\u00bbfold\u00a0\u00bb][et_pb_column type=\u00a0\u00bb4_4&Prime; _builder_version=\u00a0\u00bb4.0.9&Prime;][et_pb_gallery gallery_ids=\u00a0\u00bb457,447,443,448,689,451,444,691,446,449,452,453,445,456&Prime; show_title_and_caption=\u00a0\u00bboff\u00a0\u00bb _builder_version=\u00a0\u00bb4.0.9&Prime; title_level=\u00a0\u00bbh6&Prime; title_font=\u00a0\u00bb|300|||||||\u00a0\u00bb title_font_size=\u00a0\u00bb1px\u00a0\u00bb caption_text_align=\u00a0\u00bbcenter\u00a0\u00bb caption_font_size=\u00a0\u00bb9px\u00a0\u00bb pagination_font_size=\u00a0\u00bb20px\u00a0\u00bb][\/et_pb_gallery][\/et_pb_column][\/et_pb_row][\/et_pb_section][et_pb_section fb_built=\u00a0\u00bb1&Prime; _builder_version=\u00a0\u00bb4.0.9&Prime; background_color=\u00a0\u00bb#c7c500&Prime;][et_pb_row column_structure=\u00a0\u00bb1_5,3_5,1_5&Prime; _builder_version=\u00a0\u00bb4.0.9&Prime; background_color=\u00a0\u00bbrgba(255,255,255,0.74)\u00a0\u00bb][et_pb_column type=\u00a0\u00bb1_5&Prime; _builder_version=\u00a0\u00bb4.0.9&Prime;][\/et_pb_column][et_pb_column type=\u00a0\u00bb3_5&Prime; _builder_version=\u00a0\u00bb4.0.9&Prime;][et_pb_text _builder_version=\u00a0\u00bb4.0.9&Prime; text_font_size=\u00a0\u00bb36px\u00a0\u00bb text_line_height=\u00a0\u00bb1.8em\u00a0\u00bb header_text_color=\u00a0\u00bb#242424&Prime; header_font_size=\u00a0\u00bb32px\u00a0\u00bb header_letter_spacing=\u00a0\u00bb10px\u00a0\u00bb hover_enabled=\u00a0\u00bb0&Prime; custom_padding=\u00a0\u00bb|||15px|false|false\u00a0\u00bb]<\/p>\n<p><span style=\"color: #333333;\"><strong>Le moulin de Coudoux : dernier Moulin enti\u00e8rement traditionnel des Bouches-du-Rh\u00f4ne<\/strong><\/span><\/p>\n<p>[\/et_pb_text][et_pb_text _builder_version=\u00a0\u00bb4.0.9&Prime; hover_enabled=\u00a0\u00bb0&Prime; custom_padding=\u00a0\u00bb|5px||15px|false|false\u00a0\u00bb]<\/p>\n<p>R\u00e9nov\u00e9 et mis aux normes europ\u00e9ennes en 2002, le Moulin de Coudoux, qui\u00a0<span><strong>fonctionne en coop\u00e9rative depuis 1947<\/strong>,<\/span>\u00a0pr\u00e9serve\u00a0<span>un <strong>savoir-faire transmis de g\u00e9n\u00e9ration en g\u00e9n\u00e9ration<\/strong><\/span><strong>.<\/strong>\u00a0On y fabrique\u00a0<span><strong>trois huiles artisanales, non filtr\u00e9es et non centrifug\u00e9es<\/strong>\u00a0<\/span>apr\u00e8s un stockage au grenier de quelques jours pour enlever l\u2019ardence et l\u2019amertume. L\u2019huile est fabriqu\u00e9e \u00e0 l\u2019aide de\u00a0<strong>meules en granit,<\/strong>\u00a0ainsi que des presses hydrauliques utilisant toujours les\u00a0<span><strong>scourtins<\/strong>,\u00a0<\/span>afin de presser la p\u00e2te, pour ensuite<span>\u00a0<strong>ramasser l\u2019huile \u00e0 la feuille<\/strong>\u00a0<\/span>(de mani\u00e8re manuelle) ce qui permet de conserver toutes ses propri\u00e9t\u00e9s physico-chimiques.<\/p>\n<p>C\u2019est ainsi que nous produisons <strong>une\u00a0huile d\u2019olive au fruit\u00e9 noir<\/strong>, connue et reconnue par nos consommateurs.<\/p>\n<p>[\/et_pb_text][\/et_pb_column][et_pb_column type=\u00a0\u00bb1_5&Prime; _builder_version=\u00a0\u00bb4.0.9&Prime;][\/et_pb_column][\/et_pb_row][\/et_pb_section][et_pb_section fb_built=\u00a0\u00bb1&Prime; _builder_version=\u00a0\u00bb4.0.9&Prime;][et_pb_row _builder_version=\u00a0\u00bb4.0.9&Prime;][et_pb_column type=\u00a0\u00bb4_4&Prime; _builder_version=\u00a0\u00bb4.0.9&Prime;][et_pb_gallery gallery_ids=\u00a0\u00bb506,505,504,500,492,501,493,494,495,511,496,497,387,516&Prime; show_title_and_caption=\u00a0\u00bboff\u00a0\u00bb _builder_version=\u00a0\u00bb4.0.9&Prime;][\/et_pb_gallery][\/et_pb_column][\/et_pb_row][\/et_pb_section][et_pb_section fb_built=\u00a0\u00bb1&Prime; _builder_version=\u00a0\u00bb4.0.9&Prime; background_color=\u00a0\u00bb#c7c500&Prime;][et_pb_row column_structure=\u00a0\u00bb1_5,3_5,1_5&Prime; _builder_version=\u00a0\u00bb4.0.9&Prime; background_color=\u00a0\u00bbrgba(255,255,255,0.74)\u00a0\u00bb][et_pb_column type=\u00a0\u00bb1_5&Prime; _builder_version=\u00a0\u00bb4.0.9&Prime;][\/et_pb_column][et_pb_column type=\u00a0\u00bb3_5&Prime; _builder_version=\u00a0\u00bb4.0.9&Prime;][et_pb_text _builder_version=\u00a0\u00bb4.0.9&Prime; text_font_size=\u00a0\u00bb18px\u00a0\u00bb text_line_height=\u00a0\u00bb1.8em\u00a0\u00bb hover_enabled=\u00a0\u00bb0&Prime; custom_padding=\u00a0\u00bb|5px||15px|false|false\u00a0\u00bb]<\/p>\n<p><span>L\u2019huile d\u2019olive est un produit fragile, exigeant, qui ne supporte pas d\u2019\u00eatre maltrait\u00e9. Pour fabriquer une v\u00e9ritable huile d\u2019olive, il faut le temps et le savoir-faire que nos anc\u00eatres nous ont transmis au fil des si\u00e8cles.<\/span><\/p>\n<p>[\/et_pb_text][\/et_pb_column][et_pb_column type=\u00a0\u00bb1_5&Prime; _builder_version=\u00a0\u00bb4.0.9&Prime;][\/et_pb_column][\/et_pb_row][\/et_pb_section]<\/p>\n","protected":false},"excerpt":{"rendered":"<p>[et_pb_section fb_built=\u00a0\u00bb1&Prime; custom_padding_last_edited=\u00a0\u00bboff|desktop\u00a0\u00bb admin_label=\u00a0\u00bbHeader Section\u00a0\u00bb _builder_version=\u00a0\u00bb4.0.9&Prime; use_background_color_gradient=\u00a0\u00bbon\u00a0\u00bb background_color_gradient_start=\u00a0\u00bb#ffffff\u00a0\u00bb background_color_gradient_end=\u00a0\u00bbrgba(255,255,255,0)\u00a0\u00bb background_color_gradient_start_position=\u00a0\u00bb40%\u00a0\u00bb background_color_gradient_overlays_image=\u00a0\u00bbon\u00a0\u00bb background_image=\u00a0\u00bbhttp:\/\/www.moulinahuilecoudoux.com\/site\/wp-content\/uploads\/2020\/01\/moulin-de-coudoux-poeme-de-lolive.png\u00a0\u00bb min_height=\u00a0\u00bb559px\u00a0\u00bb custom_padding=\u00a0\u00bb2.7%|0px|35.6%|0px||\u00a0\u00bb custom_padding_tablet=\u00a0\u00bb320px|0px|0px|0px\u00a0\u00bb][et_pb_row admin_label=\u00a0\u00bbHeader Row\u00a0\u00bb _builder_version=\u00a0\u00bb3.25&Prime; custom_padding=\u00a0\u00bb||0px|||\u00a0\u00bb][et_pb_column type=\u00a0\u00bb4_4&Prime; _builder_version=\u00a0\u00bb3.25&Prime; custom_padding=\u00a0\u00bb|||\u00a0\u00bb custom_padding__hover=\u00a0\u00bb|||\u00a0\u00bb][et_pb_text _builder_version=\u00a0\u00bb4.0.9&Prime; text_font=\u00a0\u00bbOpen Sans|600|||||||\u00a0\u00bb text_font_size=\u00a0\u00bb16px\u00a0\u00bb text_line_height=\u00a0\u00bb1.8em\u00a0\u00bb header_font=\u00a0\u00bbOswald|||on|||||\u00a0\u00bb header_font_size=\u00a0\u00bb60px\u00a0\u00bb header_letter_spacing=\u00a0\u00bb5px\u00a0\u00bb header_line_height=\u00a0\u00bb1.4em\u00a0\u00bb text_orientation=\u00a0\u00bbcenter\u00a0\u00bb max_width=\u00a0\u00bb700px\u00a0\u00bb module_alignment=\u00a0\u00bbcenter\u00a0\u00bb custom_margin=\u00a0\u00bb||-188px|||\u00a0\u00bb custom_padding=\u00a0\u00bb102px||0px|||\u00a0\u00bb animation_style=\u00a0\u00bbfade\u00a0\u00bb] Notre savoir faire [\/et_pb_text][\/et_pb_column][\/et_pb_row][\/et_pb_section][et_pb_section fb_built=\u00a0\u00bb1&Prime; admin_label=\u00a0\u00bbMarket Information Section\u00a0\u00bb _builder_version=\u00a0\u00bb4.0.9&Prime; background_color=\u00a0\u00bb#c7c500&Prime; custom_margin=\u00a0\u00bb-147px|||||\u00a0\u00bb custom_padding=\u00a0\u00bb74px||70px|||\u00a0\u00bb][et_pb_row column_structure=\u00a0\u00bb1_5,3_5,1_5&Prime; admin_label=\u00a0\u00bbMarket Information Title Area\u00a0\u00bb [&hellip;]<\/p>\n","protected":false},"author":2,"featured_media":0,"parent":0,"menu_order":1,"comment_status":"open","ping_status":"open","template":"","meta":{"_et_pb_use_builder":"on","_et_pb_old_content":"<!-- wp:heading {\"level\":1} -->\n<h1> <strong>L'art ancestral des Ma\u00eetres de l'Huile<\/strong> <\/h1>\n<!-- \/wp:heading -->\n\n<!-- wp:paragraph -->\n<p>A mi-chemin entre Aix-en-Provence et Salon-de-Provence, le Moulin de Coudoux est le <strong>dernier moulin enti\u00e8rement traditionnel des Bouches-du-Rh\u00f4ne<\/strong>, et l\u2019un des derniers en France. Depuis plus de cent ans, alors qu\u2019une dizaine de moulins ont ferm\u00e9 \u00e0 Ventabren et dans les hameaux de Coudoux, le <strong>savoir-faire<\/strong> des premiers Ma\u00eetres de l\u2019Huile se perp\u00e9tue en ses murs. Ils ont transmis <strong>les gestes<\/strong> pr\u00e9cis qui permettent de cr\u00e9er <strong>cette huile typique de tr\u00e8s grande qualit\u00e9<\/strong>, au go\u00fbt exceptionnel renouvel\u00e9 chaque ann\u00e9e.<\/p>\n<!-- \/wp:paragraph -->\n\n<!-- wp:paragraph -->\n<p>[scrollGallery id=1]<\/p>\n<!-- \/wp:paragraph -->\n\n<!-- wp:heading -->\n<h2><br><strong>Le moulin de Coudoux : dernier Moulin enti\u00e8rement traditionnel des Bouches-du-Rh\u00f4ne<\/strong><\/h2>\n<!-- \/wp:heading -->\n\n<!-- wp:paragraph -->\n<p>R\u00e9nov\u00e9 et mis aux normes europ\u00e9ennes en 2002, le Moulin de Coudoux, qui <strong>fonctionne en coop\u00e9rative depuis 1947,<\/strong> pr\u00e9serve <strong>un savoir-faire transmis de g\u00e9n\u00e9ration en g\u00e9n\u00e9ration<\/strong>.&nbsp;On y fabrique <strong>trois huiles artisanales, non filtr\u00e9es et non centrifug\u00e9es <\/strong>apr\u00e8s un stockage au grenier de quelques jours pour enlever l\u2019ardence et l\u2019amertume. L\u2019huile est fabriqu\u00e9e \u00e0 l\u2019aide de <strong>meules en granit,<\/strong> ainsi que des presses hydrauliques utilisant toujours les <strong>scourtins, <\/strong>afin de presser la p\u00e2te, pour ensuite<strong> ramasser l\u2019huile \u00e0 la feuille <\/strong>(de mani\u00e8re manuelle) ce qui permet de conserver toutes ses propri\u00e9t\u00e9s physico-chimiques.<\/p>\n<!-- \/wp:paragraph -->\n\n<!-- wp:paragraph -->\n<p>C\u2019est ainsi que nous produisons une<strong> huile d\u2019olive au fruit\u00e9 noir<\/strong>, connue et reconnue par nos consommateurs.<\/p>\n<!-- \/wp:paragraph -->\n\n<!-- wp:paragraph -->\n<p>* L\u2019huile d\u2019olive est un produit fragile, exigeant, qui ne supporte pas d\u2019\u00eatre maltrait\u00e9. Pour fabriquer une v\u00e9ritable huile d\u2019olive, il faut le temps et le savoir-faire que nos anc\u00eatres nous ont transmis au fil des si\u00e8cles.&nbsp;<\/p>\n<!-- \/wp:paragraph -->"},"_links":{"self":[{"href":"http:\/\/www.moulinahuilecoudoux.com\/site\/wp-json\/wp\/v2\/pages\/49"}],"collection":[{"href":"http:\/\/www.moulinahuilecoudoux.com\/site\/wp-json\/wp\/v2\/pages"}],"about":[{"href":"http:\/\/www.moulinahuilecoudoux.com\/site\/wp-json\/wp\/v2\/types\/page"}],"author":[{"embeddable":true,"href":"http:\/\/www.moulinahuilecoudoux.com\/site\/wp-json\/wp\/v2\/users\/2"}],"replies":[{"embeddable":true,"href":"http:\/\/www.moulinahuilecoudoux.com\/site\/wp-json\/wp\/v2\/comments?post=49"}],"version-history":[{"count":40,"href":"http:\/\/www.moulinahuilecoudoux.com\/site\/wp-json\/wp\/v2\/pages\/49\/revisions"}],"predecessor-version":[{"id":1093,"href":"http:\/\/www.moulinahuilecoudoux.com\/site\/wp-json\/wp\/v2\/pages\/49\/revisions\/1093"}],"wp:attachment":[{"href":"http:\/\/www.moulinahuilecoudoux.com\/site\/wp-json\/wp\/v2\/media?parent=49"}],"curies":[{"name":"wp","href":"https:\/\/api.w.org\/{rel}","templated":true}]}}